 divisor of 20 and 60.
20
Calculate the greatest common factor of 209 and 99.
11
Calculate the greatest common divisor of 7 and 707.
7
Calculate the highest common factor of 8 and 1484.
4
What is the highest common factor of 28 and 154?
14
What is the greatest common factor of 4225 and 26?
13
Calculate the greatest common factor of 987 and 42.
21
What is the highest common factor of 118 and 2?
2
What is the highest common factor of 13 and 2340?
13
Calculate the highest common divisor of 1166 and 44.
22
What is the greatest common factor of 96 and 384?
96
What is the greatest common factor of 900 and 636?
12
What is the highest common divisor of 11 and 2200?
11
What is the highest common divisor of 4 and 864?
4
What is the greatest common factor of 1017 and 18?
9
Calculate the highest common factor of 158 and 11455.
79
What is the greatest common factor of 64 and 2592?
32
Calculate the greatest common divisor of 2635 and 255.
85
What is the highest common divisor of 256 and 1216?
64
What is the greatest common divisor of 16 and 304?
16
What is the greatest common factor of 58 and 29?
29
What is the highest common divisor of 30 and 14?
2
Calculate the greatest common factor of 804 and 60.
12
What is the greatest common divisor of 806 and 390?
26
What is the greatest common divisor of 80 and 80?
80
What is the highest common divisor of 500 and 340?
20
What is the greatest common factor of 7 and 16961?
7
What is the highest common divisor of 1937 and 377?
13
What is the greatest common divisor of 510 and 60?
30
Calculate the highest common divisor of 192 and 24000.
192
What is the highest common factor of 35 and 4725?
35
Calculate the greatest common divisor of 1408 and 288.
32
Calculate the greatest common factor of 105 and 390.
15
What is the greatest common divisor of 9 and 1125?
9
What is the highest common divisor of 52 and 286?
26
What is the greatest common factor of 8538 and 6?
6
Calculate the highest common divisor of 900 and 324.
36
What is the highest common factor of 7 and 245?
7
What is the highest common factor of 1602 and 18?
18
Calculate the greatest common factor of 57 and 1273.
19
Calculate the highest common factor of 3474 and 18.
18
Calculate the greatest common factor of 1236 and 12.
12
What is the greatest common divisor of 2132 and 246?
82
Calculate the highest common divisor of 117 and 18.
9
Calculate the highest common factor of 336 and 2058.
42
Calculate the highest common divisor of 3030 and 30.
30
What is the highest common factor of 3038 and 124?
62
What is the highest common divisor of 385 and 140?
35
Calculate the greatest common divisor of 36 and 9.
9
What is the highest common divisor of 768 and 66?
6
Calculate the greatest common divisor of 99 and 144.
9
What is the highest common factor of 2 and 802?
2
What is the greatest common divisor of 5832 and 9?
9
What is the greatest common factor of 988 and 608?
76
Calculate the highest common divisor of 513 and 76.
19
What is the greatest common divisor of 33 and 1859?
11
What is the highest common factor of 84 and 525?
21
Calculate the greatest common divisor of 176 and 5368.
88
Calculate the highest common divisor of 1932 and 224.
28
What is the greatest common divisor of 715 and 195?
65
Calculate the highest common divisor of 333 and 9.
9
What is the highest common divisor of 2449 and 155?
31
Calculate the greatest common divisor of 5809 and 37.
37
What is the greatest common factor of 30 and 3810?
30
What is the greatest common factor of 6802 and 19?
19
What is the highest common factor of 1 and 227?
1
Calculate the greatest common divisor of 195 and 1235.
65
What is the highest common factor of 2871 and 58?
29
What is the highest common factor of 20 and 68?
4
Calculate the greatest common factor of 2327 and 358.
179
Calculate the highest common divisor of 2911 and 41.
41
What is the greatest common divisor of 867 and 51?
51
Calculate the greatest common factor of 16 and 10.
2
Calculate the highest common divisor of 52 and 3068.
52
What is the greatest common factor of 14308 and 49?
49
Calculate the highest common divisor of 150 and 20700.
150
Calculate the highest common factor of 3825 and 180.
45
Calculate the highest common factor of 395 and 655.
5
Calculate the highest common factor of 6630 and 30.
30
What is the highest common factor of 1998 and 72?
18
What is the highest common divisor of 45 and 3855?
15
What is the greatest common divisor of 372 and 384?
12
Calculate the greatest common factor of 2136 and 24.
24
What is the greatest common divisor of 1932 and 84?
84
What is the greatest common factor of 168 and 35?
7
What is the greatest common factor of 770 and 15?
5
Calculate the greatest common factor of 564 and 24.
12
Calculate the highest common divisor of 357 and 68.
17
Calculate the greatest common divisor of 138 and 54.
6
Calculate the highest common divisor of 84 and 972.
12
Calculate the highest common factor of 208 and 39.
13
Calculate the greatest common divisor of 4 and 10.
2
What is the greatest common divisor of 23 and 23?
23
What is the highest common divisor of 551 and 38?
19
Calculate the highest common divisor of 357 and 105.
21
What is the highest common divisor of 128 and 112?
16
Calculate the highest common divisor of 2409 and 198.
33
What is the highest common divisor of 231 and 1001?
77
What is the greatest common factor of 10 and 190?
10
Calculate the highest common factor of 1596 and 196.
28
What is the greatest common factor of 660 and 132?
132
What is the greatest common factor of 573 and 12?
3
Calculate the greatest common divisor of 98 and 3283.
49
What is the greatest common factor of 2795 and 65?
65
What is the greatest common factor of 10584 and 1152?
72
What is the greatest common factor of 1225 and 1400?
175
What is the greatest common factor of 207 and 138?
69
Calculate the greatest common divisor of 205 and 31037.
41
Calculate the greatest common factor of 240 and 400.
80
Calculate the greatest common divisor of 1395 and 306.
9
Calculate the highest common factor of 38 and 380.
38
What is the greatest common divisor of 110 and 55?
55
Calculate the greatest common divisor of 275 and 50.
25
Calculate the highest common factor of 18 and 34731.
9
Calculate the greatest common divisor of 234 and 108.
18
Calculate the greatest common factor of 43 and 5977.
43
Calculate the highest common factor of 17 and 7769.
17
Calculate the greatest common divisor of 517 and 376.
47
What is the greatest common factor of 116 and 1102?
58
What is the highest common factor of 16 and 132?
4
What is the highest common divisor of 1807 and 556?
139
Calculate the highest common divisor of 294 and 30.
6
What is the highest common divisor of 10 and 15?
5
Calculate the greatest common divisor of 15 and 645.
15
What is the highest common divisor of 319 and 3949?
11
Calculate the highest common factor of 184 and 168.
8
What is the highest common factor of 4557 and 155?
31
Calculate the highest common divisor of 6644 and 44.
44
What is the highest common factor of 178 and 4361?
89
What is the greatest common factor of 2480 and 62?
62
Calculate the greatest common factor of 6492 and 12.
12
What is the highest common divisor of 34 and 153?
17
Calculate the highest common factor of 385 and 2233.
77
Calculate the greatest common divisor of 16359 and 42.
21
Calculate the highest common divisor of 1026 and 216.
54
What is the greatest common factor of 162 and 4?
2
Calculate the greatest common factor of 1950 and 300.
150
Calculate the highest common divisor of 4018 and 686.
98
What is the greatest common factor of 51 and 1088?
17
Calculate the greatest common factor of 1224 and 12.
12
What is the highest common factor of 19 and 4541?
19
Calculate the highest common factor of 2 and 82.
2
Calculate the highest common factor of 8128 and 127.
127
Calculate the greatest common divisor of 28 and 952.
28
What is the greatest common factor of 84 and 273?
21
What is the highest common factor of 1169 and 1336?
167
What is the highest common factor of 59 and 1?
1
What is the highest common factor of 507 and 4654?
13
What is the highest common divisor of 2198 and 98?
14
What is the greatest common factor of 2862 and 108?
54
Calculate the highest common factor of 18 and